s digit of z?
4
Suppose 362*k - 1964 = 358*k. Suppose -k = -h - 179. What is the tens digit of h?
1
Let z(g) = 289*g**3 - 2*g**2 + 9*g - 15. What is the units digit of z(3)?
7
Suppose 733*s - 736*s = 4*t - 44552, -4*t - 29708 = -2*s. What is the ten thousands digit of s?
1
Let s(w) = -2*w**3 - 21*w**2 - 18*w - 18. Let b be -4 + (-104)/16 - 2/4. What is the units digit of s(b)?
1
Let y(g) = 129*g**3 + 30*g**2 + 4*g - 89. What is the ten thousands digit of y(8)?
6
Let t(w) = -38*w + 8. Let d be t(-6). Suppose 2*o - b = -115, -o + 4*b = 3*b + 60. Let j = d + o. What is the tens digit of j?
8
Suppose -46*y + 81*y = 21*y + 535626. What is the thousands digit of y?
8
Let f(a) = 1071*a + 95. What is the units digit of f(17)?
2
Let j(y) = y**3 - 15*y**2 - 8*y - 23. Let a be j(16). Suppose -a + 267 = -3*p. Let v = p - -136. What is the tens digit of v?
8
Let z(b) = 15*b - 5. Let s be z(-3). Let l = s + 54. Suppose 2*o - 2*q = 262, -l*o + 2*q + q + 525 = 0. What is the units digit of o?
2
Let w(u) = -3*u - 4. Suppose 2*o + 11 - 7 = 0. Let r be w(o). Suppose 5*s - 660 + 175 = -5*t, 3*t - 195 = -r*s. What is the units digit of s?
6
Suppose -326 - 114 = i. Let h = 1240 + i. What is the tens digit of h?
0
Let x = 29 - 32. What is the tens digit of (1 - -276) + (x - 3)/(-2)?
8
Let z = 220 + -56. Let k = z - -439. What is the units digit of k?
3
Let z(l) = -l**3 - 21*l**2 + 6*l + 134. Let v be z(-22). Let g = -255 + v. What is the units digit of g?
1
Let f = 2563 + 5224. What is the thousands digit of f?
7
Let s be (-2)/(-21) + 854/294. Suppose 2*h - 705 = -0*h - s*r, 5*r + 697 = 2*h. What is the units digit of h?
1
Suppose 21*w - 44459 = 43657. What is the units digit of w?
6
Let m be 1/((3/9)/((-657)/27)). Let o = m + 86. What is the tens digit of o?
1
Suppose -350*u + 338*u + 99672 = 0. What is the thousands digit of u?
8
Suppose -4*h + 2*s = -3552, -7*h - s - 888 = -8*h. What is the units digit of h?
8
Let l(s) = 2*s**3 + 2*s + 315. Suppose -3*z - 2*k = 0, 2*z - 4*k = -3*z. What is the tens digit of l(z)?
1
Let k be 15 + -15 - -1*46. Let t = 48 - k. Suppose -57 = -h - 3*j, -167 = -4*h + t*j + 131. What is the units digit of h?
2
Let l(w) be the first derivative of -53/2*w**4 + 18 + 3*w + w**3 + 5/2*w**2. What is the units digit of l(-1)?
7
Let i(g) = -1320*g + 71. What is the thousands digit of i(-3)?
4
Let k = 19852 + -14014. What is the tens digit of k?
3
Let l = -285 + 517. Let v = 208 + l. What is the tens digit of v?
4
Let s = 61 + -24. Suppose s*x - 412 = 36*x. What is the units digit of x?
2
Suppose 17*h - 21*h = -240. Let j(k) = -117*k**2 + h*k**2 + 6 + 7*k + 58*k**2. What is the tens digit of j(-14)?
0
Let r(a) = -4*a**2 + 4*a - 827. Let z be r(0). Let j = 426 - z. What is the units digit of j?
3
Suppose 15*l = 29*l - 16*l + 33526. What is the thousands digit of l?
6
Let z be (-3)/(-2)*27800/150. Let a = 359 - z. What is the units digit of a?
1
Let d(y) = -10*y**2 - 721*y - 38. What is the hundreds digit of d(-48)?
5
Suppose h + 114 - 195 = 0. What is the tens digit of (h/(-15) + 5)/((-2)/1910)?
8
Let z = 29021 - 16780. What is the hundreds digit of z?
2
Suppose 5*g = 2*k + 18, 6 = 5*g - 3*k - 16. Suppose 2*i + c - 78 = 0, -17 = -g*i + 5*c + 73. What is the tens digit of i?
4
Suppose -3*d - 2*q + 22069 = 0, 314*d - q = 310*d + 29440. What is the tens digit of d?
5
Let h = 4160 - 731. What is the thousands digit of h?
3
What is the thousands digit of (-39)/(((-2)/(-939))/(64/(-288)))?
4
Suppose 0 = -t - p - 2*p + 390, 0 = 3*t + 4*p - 1180. Let n = t - 246. Suppose 5*h - 3*f - n = 75, -5*h + f + 235 = 0. What is the units digit of h?
8
Let r = -174 + 15195. What is the tens digit of r?
2
Let k(d) = 14*d - 7. Let w be k(1). Suppose -5*m + w*m = 70. What is the tens digit of m?
3
Let o(t) = -t**2 + 30*t - 197. Let n be o(10). Suppose 7*j = -5*g + 5*j + 6657, 0 = n*g + j - 3995. What is the units digit of g?
3
Suppose 5*n - 3 = 2, -3*n - 181 = -2*p. Let k = -86 + p. What is the units digit of (7/(-14))/((-1)/k) + 71?
4
Let k(c) = 2*c**3 + 9*c**2 - 5*c + 5. Let t be k(-5). Suppose -2*z + t*z = -z. Suppose -3*l + 388 - 4 = z. What is the tens digit of l?
2
Suppose -3*f - 179 = -71. Let x be -1 - (-55)/(-4 - (-30)/6). Let p = x + f. What is the tens digit of p?
1
Let u = 225 + -395. Let x = u + 241. What is the tens digit of x?
7
Suppose -4*c - 3*o + 9241 = 0, -5*c + 7913 = -4*o - 3615. What is the units digit of c?
8
Let w(l) = -13*l**3 + 4*l**2 - 5*l + 3. Let t be w(3). Let v = t + 809. What is the units digit of v?
2
Let t(n) = -n**3 + 19*n**2 - 14*n - 61. Let b be t(18). Suppose 800 = 14*j + b*j. What is the units digit of j?
2
Let q(r) = -r**2 + 10*r - 10. Let t = 68 - 60. Let a be q(t). Let u(d) = -d**3 + 8*d**2 - 3*d - 22. What is the units digit of u(a)?
2
Suppose 2*b - 419222 = -61*b - 139817. What is the units digit of b?
5
What is the hundreds digit of (31/124)/(2/3768)?
4
Let q be -5 + ((-7)/(7/1) - -381). Let j be 0 - -1 - -3 - 2. Suppose -q = -3*h - j*h. What is the units digit of h?
5
Suppose -4*d - 2*g = 2*g + 12, 0 = -d - 5*g - 15. Let l be (d - 3/1) + -1. What is the tens digit of 200/(-12)*18/l?
7
Suppose -3*q + 0*q = 3, 5*m - 4*q = -6. What is the hundreds digit of ((-7420)/175)/(m/30)?
6
What is the hundreds digit of 1849/(-86)*-2*422?
1
Let w = 18 - 2. Suppose 11*v = 4*n + 7*v - w, 0 = -n - 3*v. Suppose 3*b - 73 = 2*y + 474, 0 = -5*b - n*y + 899. What is the units digit of b?
1
Let s = 11 + -15. Let w be (s - 0)*239/(-4). Suppose 0 = l + 2*l - 5*i - 358, w = 2*l - 3*i. What is the hundreds digit of l?
1
Suppose 0 = 14*d - 20*d + 78. Suppose 3 = 8*v - d. What is the units digit of v/(-15) + (-4285)/(-75)?
7
Let f be 20/4 - (-2)/2. Let z(a) = 11*a**2 + 15*a - 49. What is the hundreds digit of z(f)?
4
Let o be (0 - -5) + (-18)/126*0. Let x = 615 - 291. Suppose -7*j = -o*j - x. What is the hundreds digit of j?
1
Suppose -130865 - 34275 = -23*m. What is the hundreds digit of m?
1
Let s(k) = k**3 + 2*k**2 - 8*k. Let y be s(2). Suppose 9*b - 4361 - 238 = y. What is the tens digit of b?
1
Suppose -58 = 3*o + 35. Let f = -27 - o. Suppose 0 = -f*z + 4*s + 200, 0*s + 3*s = 12. What is the tens digit of z?
5
Let v be (-360)/2 + 0/(-2). Let m be v/(-105)*(-14)/(-4). Suppose c + 95 = m*c. What is the tens digit of c?
1
Let r(h) = -15*h**3 + h**2 - 33*h + 11. What is the units digit of r(-8)?
9
Let n(u) = 3440*u**2 - 6*u + 4. What is the tens digit of n(1)?
3
Let q = 23 + -19. Suppose -d - d + 24 = q*k, 0 = -2*d - 3*k + 23. Suppose -d*r = -2*r - 528. What is the tens digit of r?
6
Let a = -5684 + 11089. What is the tens digit of a?
0
Let q(t) = 6*t**2 + 2*t - 21. Let h be q(-11). Suppose -2*l - 2 = 0, h = -4*j - l + 1886. What is the hundreds digit of j?
3
Let z = -14663 + 20566. What is the units digit of z?
3
Suppose -24*o = -162573 - 8067. What is the tens digit of o?
1
Suppose 3 = 3*w - 6. Suppose -9 = w*d - 33. What is the hundreds digit of d/28 - (-978)/7?
1
Let a be 102/8 + (-2)/(-8). Let s be 1685/30 - 7/42. Let z = s + a. What is the units digit of z?
9
Suppose 5*a = 30, -249*a = 3*j - 254*a - 31272. What is the thousands digit of j?
0
Suppose 2*i + 7*x = 4*x + 41, 0 = -5*i + 4*x + 114. What is the tens digit of (30 - i)/((-2)/(-217))?
6
Let c(v) = 14*v - 11. Let u be c(11). Suppose -773 + u = -5*k. Let w = k + -15. What is the tens digit of w?
1
What is the hundreds digit of (132/(-12) - -4) + 398?
3
Suppose 146 + 22 = 8*a. Suppose a*k = 13*k - 2648. Let q = -159 - k. What is the units digit of q?
2
Let f = -35 + 39. Suppose -12*p + 17*p = 380. Suppose 5*z + 2*q = p, f*z - 5*q - 113 = -39. What is the tens digit of z?
1
Let f(y) be the first derivative of -y**3/3 - 10*y**2 + 31*y - 49. What is the tens digit of f(-20)?
3
Let u = 9 + -5. Suppose 14 = 164*x - 157*x. Suppose -2*j - 178 = -3*j - x*k, -5*j - u*k + 884 = 0. What is the tens digit of j?
7
Let a = 168 - 162. Suppose a*p = -s + 2*p + 416, -2*p = 2. What is the units digit of s?
0
What is the tens digit of (2 - 80/44) + (-2499100)/(-550)?
4
Let l(z) = -6*z + 41. Let r = -30 + 36. Let q be l(r). Suppose -j = -4*v + q, -43 = -4*j + 4*v - 9*v. What is the units digit of j?
7
Let v = 735 - -2023. What is the thousands digit of v?
2
Suppose 180*u = 199*u - 21071. Let a = u + -260.